 -3*z + 2. Let f = -5 - -2. Let q be s(f). Let c = 8 + 14. What is the highest common divisor of c and q?
11
Suppose 0*w - 8 = -4*w. Let n be (w/(-3))/((-8)/12). Let b be n + -2 + (-2 - -19). What is the highest common factor of 80 and b?
16
Let v be 9/(2/2) + -2. Suppose 5*a - 3*z - 1 = -v, 3*a + 3*z - 6 = 0. Let r be 1 + 40 - (a + 1). Calculate the highest common divisor of r and 8.
8
Suppose -7 = z - 5*q - 37, 2*z = q + 42. Let v = -13 + 23. Calculate the highest common factor of z and v.
10
Let p(k) = -k**3 - 6*k**2 - 6*k - 8. Let i be p(-6). Suppose 0*a = a - i. Suppose -2*l + 0*l = -a. What is the highest common divisor of 112 and l?
14
Suppose 91 = z + 21. Suppose -2*r + 4*m - 31 + 75 = 0, m + 32 = 2*r. What is the greatest common factor of r and z?
14
Suppose 4*t - 1 = 67. What is the greatest common divisor of 153 and t?
17
Let f be -1 - (-7)/(14/(-4)). Let w be 120 - (0 + 2 + f). What is the highest common divisor of 11 and w?
11
Let t = -2 - -2. Suppose -176 = -4*w + r, 0 = 3*w + 5*r - t*r - 155. What is the highest common divisor of w and 30?
15
Suppose 0 = -5*l + 1699 + 741. Let u be -1 - -4 - l/(-8). What is the highest common divisor of u and 8?
8
Let g be (-2)/(-8) - 47/(-4). Suppose -4*r - r + 536 = 4*o, -110 = -r + 2*o. What is the greatest common factor of g and r?
12
Let j(c) = 15*c - 6. Let y = -4 + 10. Let m be j(y). What is the highest common factor of 14 and m?
14
Suppose -m + 358 = m. Suppose m = 4*b - 109. Calculate the highest common factor of 8 and b.
8
Let a be 1 - ((-21)/3 + 3). Suppose -4*k - q + a = 0, q - 2 = -q. What is the highest common divisor of 1 and k?
1
Let n(j) = -j + 7. Let q be n(-5). What is the greatest common factor of q and 6?
6
Suppose 0*j - 9 = -3*j. Suppose -3 = -o + 5*i + 51, 54 = o + j*i. Suppose 2*s = t - 5*t + 174, -o = -t + 3*s. Calculate the highest common factor of 5 and t.
5
Suppose 5*c + 15 = 0, -5*b - 23 + 53 = 5*c. Let g = -48 + 84. Calculate the highest common divisor of g and b.
9
Let n = 5 - -5. Let v = -12 + 14. Calculate the highest common factor of n and v.
2
Let v be 625/25*(-1 + 2). Calculate the highest common factor of 75 and v.
25
Let s = -41 + 71. What is the greatest common divisor of s and 3?
3
Suppose 0 = -2*i - z + 87, i + 4*z + 114 = 4*i. What is the highest common divisor of 105 and i?
21
Suppose -4*t + 14 = -2*c - 6, -c = 4. Suppose 2*q - 4*i - 18 = -2*i, 4*q - t*i = 37. Calculate the greatest common divisor of q and 90.
10
Let i(h) = -6*h - 5. Let q be i(-9). Let y be 4 + -2 - (-4 + -1). Calculate the greatest common divisor of y and q.
7
Suppose -37 = -4*u - y, 4*u - 6 - 26 = 4*y. What is the highest common factor of u and 2?
1
Let t be ((-24)/(-4))/((-1)/(-35)). Suppose -4*a = -7*a + t. Calculate the greatest common factor of a and 10.
10
Let y = -39 - -43. Let v be 6/(-9)*(-17 - -2). What is the greatest common factor of v and y?
2
Let o = 0 - -10. Let s be ((-40)/(-6))/(14/105). Let r = s - 0. What is the highest common factor of r and o?
10
Suppose -15*t + 1296 = -3*t. What is the greatest common divisor of t and 12?
12
Let t(p) = p**2 + 3*p. Let w be t(4). Suppose 0 = 2*n - 7 - 19. Let a = n - 6. Calculate the highest common factor of w and a.
7
Suppose -3*h + 60 = h. Calculate the greatest common divisor of 45 and h.
15
Let k be 3/(-1) + 2*27/3. What is the highest common divisor of 5 and k?
5
Let m(j) = -j**2 - 2*j - 2. Let k(f) = 2*f**2 + 3*f + 1. Let g(l) = 2*k(l) + 3*m(l). Let c be g(-5). Calculate the highest common factor of c and 21.
21
Suppose 14*y - 30 = 12*y. Calculate the greatest common divisor of 120 and y.
15
Let u = -5 - -6. Suppose 0 = -5*m + u + 189. Suppose 2*d + 0*d - m = 0. What is the highest common divisor of 19 and d?
19
Let m be ((-2)/8)/((-2)/8). Suppose 0 = 4*a - t - m, 0 = 4*a - 2*t - 2. Suppose a*u = -3*u + 42. What is the highest common divisor of u and 21?
7
Let l(k) = -14*k + 1. Let y be l(-1). Calculate the highest common factor of 15 and y.
15
Let f = -5 + 30. Calculate the greatest common factor of f and 225.
25
Suppose 0 = 5*v - 15 - 25. What is the highest common divisor of 88 and v?
8
Suppose 8 = -2*q + 6*q. Suppose -x = -h + 7, q*h + 14 = 4*h - 4*x. What is the greatest common factor of h and 63?
7
Let u be (2 + 2)*(4 - -4). Calculate the greatest common factor of u and 8.
8
Suppose -4*b + 13 = 1, -v = -b + 5. Let w(n) = 16*n**3 + n**2 - n. Let y be w(1). Let a = y - v. Calculate the highest common factor of a and 27.
9
Let m be ((-3)/2)/((-12)/544). Let p = 148 - m. What is the highest common factor of p and 32?
16
Suppose 2 + 0 = l. Suppose -4*z - z + 3*p = -11, l*p = z - 5. Calculate the highest common divisor of z and 4.
1
Let p(o) = o**3 + 8*o**2 - 7*o - 20. Let w be p(-8). What is the greatest common divisor of w and 24?
12
Suppose 2*q = 3*c - 110, -4*q = c - 5*c + 144. Suppose -3*v + 1 = -c. Let o(g) = -7*g + 3. Let l be o(-7). Calculate the highest common divisor of l and v.
13
Suppose 3 = 2*c - 3*c + 2*z, 14 = 4*c + 5*z. Let x(f) = f**2 - 1. Let v be x(c). Suppose v = -4*o + 2 + 14. What is the greatest common divisor of o and 6?
2
Suppose -61 = -2*m + 99. Let f = -5 + 10. Suppose -f*j + 76 = 2*d, -5*j - 2*d - 3*d + 70 = 0. Calculate the greatest common factor of j and m.
16
Let n(v) = -4*v - 9. Let f be n(-5). What is the greatest common divisor of 88 and f?
11
Suppose 3 = u - 2, -2*j = -u + 9. Let k be 3*(-1 - j/(-6)). Let b(g) = -2*g + 1. Let y be b(k). What is the greatest common factor of 9 and y?
9
Suppose 1 = -4*r + 21. Suppose -r*n - 4*i + 1 = -2, 2*i - 6 = -4*n. Let k be 0 - n/((-6)/28). What is the greatest common divisor of 70 and k?
14
Let d(j) = -j**3 - 6*j**2 - 6*j - 4. Let h be d(-5). Suppose 8 = 2*n - 4. Let o be 8/n - (-4)/(-12). Calculate the highest common divisor of h and o.
1
Let m be -319 - (4 - (2 + 1)). Let x = -184 - m. What is the highest common divisor of 17 and x?
17
Suppose -2*l + 48 = l. Suppose -2*n - 4*d + 109 + 183 = 0, 4*n + 5*d - 581 = 0. What is the highest common factor of l and n?
16
Suppose -17 - 79 = -4*m. What is the greatest common divisor of m and 16?
8
Suppose 16 = x + 2*k, 6*k = 2*k + 4. Calculate the greatest common divisor of 21 and x.
7
Let p = -59 + 1265. Let o be 8/(-20) - p/(-15). Suppose -q - k + 11 = -5, 4*q - 64 = k. What is the highest common factor of q and o?
16
Suppose -3*f = -2*s + 168, 2*s + 5*f - 168 = 2*f. Calculate the highest common factor of 12 and s.
12
Suppose -2*v = -v + 4*n + 40, -5*n = 5. Let g be (v/14)/((-7)/98). What is the highest common divisor of 54 and g?
18
Let k(a) = -3 + 2*a - 6*a - 52*a. Let j be k(-3). Calculate the highest common divisor of j and 15.
15
Let i = 173 + -90. Let c be (-1 + i/(-2))*-2. Calculate the greatest common divisor of 17 and c.
17
Let i = -16 + 30. What is the greatest common divisor of 154 and i?
14
Suppose -179 = -9*a + 1. Calculate the highest common factor of a and 5.
5
Let y be ((-4)/1)/(2/5). Let j(t) = -5*t + 4. Let z be j(y). Calculate the greatest common factor of z and 6.
6
Suppose 3*v - 29 = 2*c, 4*v - 13 = 4*c + 31. Calculate the greatest common factor of 56 and v.
7
Suppose -15 = 4*b - b, 4*j + 3*b = 9. Calculate the greatest common divisor of 18 and j.
6
Let r(v) = -2*v. Let o be r(-2). Let i(l) = l**3 - 3*l - 4. Let n be i(o). Suppose 5*d = 133 - n. What is the highest common divisor of d and 68?
17
Let t be 2 - 4/(4/(-37)). Let f = -25 + t. Let z = 27 + 43. What is the highest common divisor of f and z?
14
Suppose -5*w + 170 = -2*j, -2*w + 92 = -0*w + 4*j. What is the greatest common factor of 90 and w?
18
Let n be 8/12 + (-20)/12 + 3. Calculate the greatest common divisor of n and 4.
2
Let i be (1/(-3))/(4/(-60)). Suppose q + 160 = i*q. Let j = -8 + 12. What is the highest common factor of j and q?
4
Suppose -6*g + 40 = -14. Calculate the highest common divisor of g and 72.
9
Let f(k) = -k**2 + 9*k - 5. Let a be 6/1 - 2/1. Let z be f(a). What is the greatest common factor of 45 and z?
15
Let h be 722/6 + 1/(-3). Suppose h = 4*l - 0*l. What is the greatest common factor of 6 and l?
6
Let v(w) = 186*w**2 - w. Let x be v(-1). Let a be -2 - (-19 + (2 - 2)). Calculate the highest common divisor of x and a.
17
Let q = -21 - -36. Let k be (q/(-20))/(2/(-96)). What is the highest common factor 